{"id":21,"date":"2025-03-25T09:03:38","date_gmt":"2025-03-25T08:03:38","guid":{"rendered":"https:\/\/sono-light-video.fr\/?page_id=21"},"modified":"2025-09-14T18:07:07","modified_gmt":"2025-09-14T16:07:07","slug":"sono-light-video","status":"publish","type":"page","link":"https:\/\/sono-light-video.fr\/","title":{"rendered":"Location de mat\u00e9riel pour vos \u00e9v\u00e9nements personnels ou professionnels"},"content":{"rendered":"\n<div class=\"wp-block-columns is-layout-flex wp-container-core-columns-is-layout-9d6595d7 wp-block-columns-is-layout-flex\">\n<div class=\"wp-block-column is-layout-flow wp-block-column-is-layout-flow\"><\/div>\n<\/div>\n\n\n<div class=\"wp-block-image\">\n<figure class=\"aligncenter size-large is-resized\"><img loading=\"lazy\" decoding=\"async\" width=\"1024\" height=\"745\" src=\"http:\/\/sono-light-video.fr\/wp-content\/uploads\/2025\/03\/logo-panzer-1024x745.png\" alt=\"Logo Sono-light-Video location de mat\u00e9riel sc\u00e9nique\" class=\"wp-image-152\" style=\"width:536px;height:auto\" srcset=\"https:\/\/sono-light-video.fr\/wp-content\/uploads\/2025\/03\/logo-panzer-1024x745.png 1024w, https:\/\/sono-light-video.fr\/wp-content\/uploads\/2025\/03\/logo-panzer-300x218.png 300w, https:\/\/sono-light-video.fr\/wp-content\/uploads\/2025\/03\/logo-panzer-768x559.png 768w, https:\/\/sono-light-video.fr\/wp-content\/uploads\/2025\/03\/logo-panzer.png 1280w\" sizes=\"auto, (max-width: 1024px) 100vw, 1024px\" \/><\/figure>\n<\/div>\n\n\n<h2 class=\"wp-block-heading has-text-align-center\">06 20 07 76 32<\/h2>\n\n\n\n<div class=\"wp-block-columns is-layout-flex wp-container-core-columns-is-layout-9d6595d7 wp-block-columns-is-layout-flex\">\n<div class=\"wp-block-column is-layout-flow wp-block-column-is-layout-flow\">\n<h3 class=\"wp-block-heading has-text-align-center has-text-color has-link-color wp-elements-edeaf261c35364078f9e2ea6e46c0372\" style=\"color:#4178bb\">christophepanzer@aol.com<\/h3>\n<\/div>\n<\/div>\n\n\n\n<h1 class=\"wp-block-heading has-text-align-center has-text-color has-link-color wp-elements-9326a6b8285148db1acda80be208fac6\" style=\"color:#4498cc\">Depuis 40 ans, Christophe Panzer vous accompagne dans vos \u00e9v\u00e9nements priv\u00e9s et professionnels.<\/h1>\n\n\n\n<h3 class=\"wp-block-heading has-text-align-center has-black-color has-text-color has-link-color wp-elements-9588eba4983bcacd29830227a4d3fab8\">Tous les prix sont indiqu\u00e9s pour une dur\u00e9e de location de 24 heures et au d\u00e9part de Gunsbach.<\/h3>\n\n\n\n<p class=\"has-text-align-center has-black-color has-text-color has-link-color wp-elements-7aa3bf495e38940fc651a429e6c46a8c\">Pour livraison et plus grand concept, me contacter pour une demande de devis.<\/p>\n\n\n\n<div class=\"wp-block-columns is-layout-flex wp-container-core-columns-is-layout-9d6595d7 wp-block-columns-is-layout-flex\">\n<div class=\"wp-block-column is-layout-flow wp-block-column-is-layout-flow\"><\/div>\n<\/div>\n\n\n\n<div class=\"wp-block-columns is-layout-flex wp-container-core-columns-is-layout-9d6595d7 wp-block-columns-is-layout-flex\">\n<div class=\"wp-block-column has-background is-layout-flow wp-block-column-is-layout-flow\" style=\"background-color:#cceaff\"><div class=\"wp-block-image\">\n<figure class=\"aligncenter size-full\"><img loading=\"lazy\" decoding=\"async\" width=\"500\" height=\"250\" src=\"https:\/\/sono-light-video.fr\/wp-content\/uploads\/2025\/03\/Votre-texte-de-paragraphe-900-x-250-px-500-x-250-px.png\" alt=\"\" class=\"wp-image-273\" srcset=\"https:\/\/sono-light-video.fr\/wp-content\/uploads\/2025\/03\/Votre-texte-de-paragraphe-900-x-250-px-500-x-250-px.png 500w, https:\/\/sono-light-video.fr\/wp-content\/uploads\/2025\/03\/Votre-texte-de-paragraphe-900-x-250-px-500-x-250-px-300x150.png 300w\" sizes=\"auto, (max-width: 500px) 100vw, 500px\" \/><\/figure>\n<\/div>\n\n\n<div class=\"wp-block-columns is-layout-flex wp-container-core-columns-is-layout-9d6595d7 wp-block-columns-is-layout-flex\">\n<div class=\"wp-block-column is-layout-flow wp-block-column-is-layout-flow\"><\/div>\n<\/div>\n\n\n\n<h3 class=\"wp-block-heading has-text-align-center\">PACK ANNIVERSAIRE : 80 \u20ac<\/h3>\n\n\n\n<p class=\"has-text-align-center\"><strong>Ce pack comprend :<\/strong><\/p>\n\n\n\n<ul class=\"wp-block-list\">\n<li>2 enceintes amplifi\u00e9es 300 w sur pied<\/li>\n\n\n\n<li>1 table de mixage avec 1 micro fil, pour brancher un mini-jack (IPod, IPhone, Android, ordinateur, etc\u2026)<\/li>\n\n\n\n<li>1 pied lumi\u00e8re avec 3 effets multicolores et musicales<\/li>\n\n\n\n<li>c\u00e2blage <\/li>\n<\/ul>\n<\/div>\n\n\n\n<div class=\"wp-block-column has-background is-layout-flow wp-block-column-is-layout-flow\" style=\"background-color:#cceaff\"><div class=\"wp-block-image\">\n<figure class=\"aligncenter size-full\"><img loading=\"lazy\" decoding=\"async\" width=\"500\" height=\"250\" src=\"https:\/\/sono-light-video.fr\/wp-content\/uploads\/2025\/03\/Votre-texte-de-paragraphe-900-x-250-px-500-x-250-px-Pack-conference.png\" alt=\"\" class=\"wp-image-275\" srcset=\"https:\/\/sono-light-video.fr\/wp-content\/uploads\/2025\/03\/Votre-texte-de-paragraphe-900-x-250-px-500-x-250-px-Pack-conference.png 500w, https:\/\/sono-light-video.fr\/wp-content\/uploads\/2025\/03\/Votre-texte-de-paragraphe-900-x-250-px-500-x-250-px-Pack-conference-300x150.png 300w\" sizes=\"auto, (max-width: 500px) 100vw, 500px\" \/><\/figure>\n<\/div>\n\n\n<div class=\"wp-block-columns is-layout-flex wp-container-core-columns-is-layout-9d6595d7 wp-block-columns-is-layout-flex\">\n<div class=\"wp-block-column is-layout-flow wp-block-column-is-layout-flow\"><\/div>\n<\/div>\n\n\n\n<h3 class=\"wp-block-heading has-text-align-center\">PACK CONF\u00c9RENCE : 250 \u20ac<\/h3>\n\n\n\n<p class=\"has-text-align-center\"><strong>Ce pack comprend :<\/strong><\/p>\n\n\n\n<ul class=\"wp-block-list\">\n<li>4 enceintes amplifi\u00e9es 500w sur pieds<\/li>\n\n\n\n<li>1 console de mixage Yamaha 12 voies<\/li>\n\n\n\n<li>3 micros HF sans fil SHURE main ou casque<\/li>\n\n\n\n<li>c\u00e2blage<\/li>\n<\/ul>\n\n\n\n<p class=\"has-text-align-center\"><strong>Option compl\u00e9mentaire<\/strong> : console num\u00e9riqu (Yamaha ou soundcraft) : + 50 \u20ac<\/p>\n<\/div>\n<\/div>\n\n\n\n<div class=\"wp-block-columns is-layout-flex wp-container-core-columns-is-layout-9d6595d7 wp-block-columns-is-layout-flex\">\n<div class=\"wp-block-column has-background is-layout-flow wp-block-column-is-layout-flow\" style=\"background-color:#6db8e7\"><div class=\"wp-block-image\">\n<figure class=\"aligncenter size-full\"><img loading=\"lazy\" decoding=\"async\" width=\"500\" height=\"250\" src=\"https:\/\/sono-light-video.fr\/wp-content\/uploads\/2025\/03\/Votre-texte-de-paragraphe-900-x-250-px-500-x-250-px-Pack-eclairage-scene.png\" alt=\"\" class=\"wp-image-276\" srcset=\"https:\/\/sono-light-video.fr\/wp-content\/uploads\/2025\/03\/Votre-texte-de-paragraphe-900-x-250-px-500-x-250-px-Pack-eclairage-scene.png 500w, https:\/\/sono-light-video.fr\/wp-content\/uploads\/2025\/03\/Votre-texte-de-paragraphe-900-x-250-px-500-x-250-px-Pack-eclairage-scene-300x150.png 300w\" sizes=\"auto, (max-width: 500px) 100vw, 500px\" \/><\/figure>\n<\/div>\n\n\n<div class=\"wp-block-columns is-layout-flex wp-container-core-columns-is-layout-9d6595d7 wp-block-columns-is-layout-flex\">\n<div class=\"wp-block-column is-layout-flow wp-block-column-is-layout-flow\"><\/div>\n<\/div>\n\n\n\n<div class=\"wp-block-columns is-layout-flex wp-container-core-columns-is-layout-9d6595d7 wp-block-columns-is-layout-flex\">\n<div class=\"wp-block-column is-layout-flow wp-block-column-is-layout-flow\">\n<h3 class=\"wp-block-heading has-text-align-center\">PACK \u00c9CLAIRAGE SC\u00c8NE : 250 \u20ac<\/h3>\n\n\n\n<p class=\"has-text-align-center has-black-color has-text-color has-link-color wp-elements-74f19a94f17f53a4b51c9e7d4be3f922\"><strong>Ce pack comprend :<\/strong><\/p>\n\n\n\n<ul class=\"wp-block-list\">\n<li class=\"has-black-color has-text-color has-link-color wp-elements-eede7b2fa361aeb9ab9decc7f6736c5f\">8 leds RGBW en contre<\/li>\n\n\n\n<li class=\"has-black-color has-text-color has-link-color wp-elements-eeaf1ec124e830ba1e8ee6927cee8742\">2 pieds 4m \u00e0 treuil + barre<\/li>\n\n\n\n<li class=\"has-black-color has-text-color has-link-color wp-elements-c6f1d2a5746c6092926bb5a7fba26760\">2 projecteurs PC 1000W<\/li>\n\n\n\n<li class=\"has-black-color has-text-color has-link-color wp-elements-e62d10a8765a48f52fc488fff9518fd7\">2 d\u00e9coupes 650W<\/li>\n\n\n\n<li class=\"has-black-color has-text-color has-link-color wp-elements-100b9f9a21b66d34a4fb70e5cf452029\">1 commande DMX pour les led<\/li>\n\n\n\n<li class=\"has-black-color has-text-color has-link-color wp-elements-0d1d80a2561f98425851cd794116040d\">1 commande Bloc pour les projecteurs<\/li>\n<\/ul>\n<\/div>\n<\/div>\n<\/div>\n\n\n\n<div class=\"wp-block-column has-background is-layout-flow wp-block-column-is-layout-flow\" style=\"background-color:#6db8e7\"><div class=\"wp-block-image\">\n<figure class=\"aligncenter size-full\"><img loading=\"lazy\" decoding=\"async\" width=\"500\" height=\"250\" src=\"https:\/\/sono-light-video.fr\/wp-content\/uploads\/2025\/03\/Votre-texte-de-paragraphe-900-x-250-px-500-x-250-px-Pack-projection-video.png\" alt=\"\" class=\"wp-image-277\" srcset=\"https:\/\/sono-light-video.fr\/wp-content\/uploads\/2025\/03\/Votre-texte-de-paragraphe-900-x-250-px-500-x-250-px-Pack-projection-video.png 500w, https:\/\/sono-light-video.fr\/wp-content\/uploads\/2025\/03\/Votre-texte-de-paragraphe-900-x-250-px-500-x-250-px-Pack-projection-video-300x150.png 300w\" sizes=\"auto, (max-width: 500px) 100vw, 500px\" \/><\/figure>\n<\/div>\n\n\n<div class=\"wp-block-columns is-layout-flex wp-container-core-columns-is-layout-9d6595d7 wp-block-columns-is-layout-flex\">\n<div class=\"wp-block-column is-layout-flow wp-block-column-is-layout-flow\"><\/div>\n<\/div>\n\n\n\n<div class=\"wp-block-columns is-layout-flex wp-container-core-columns-is-layout-9d6595d7 wp-block-columns-is-layout-flex\">\n<div class=\"wp-block-column is-layout-flow wp-block-column-is-layout-flow\">\n<h3 class=\"wp-block-heading has-text-align-center\">PACK PROJECTION VIDEO : 250 \u20ac<\/h3>\n\n\n\n<p class=\"has-text-align-center has-black-color has-text-color has-link-color wp-elements-74f19a94f17f53a4b51c9e7d4be3f922\"><strong>Ce pack comprend :<\/strong><\/p>\n\n\n\n<ul class=\"wp-block-list\">\n<li class=\"has-black-color has-text-color has-link-color wp-elements-4d9619ce883314a911b4e9e61d380818\">1 vid\u00e9o projecteur 5000 lumens<\/li>\n\n\n\n<li class=\"has-black-color has-text-color has-link-color wp-elements-99a179bbc2868903335bf9eb9758d891\">1 \u00e9cran 150 pouces, 3 m \/ 2 m<\/li>\n\n\n\n<li class=\"has-black-color has-text-color has-link-color wp-elements-c319d1693ca83f3c5373f216d9463b9d\">c\u00e2blage<\/li>\n<\/ul>\n\n\n\n<p class=\"has-text-align-center has-black-color has-text-color has-link-color wp-elements-82bde790f4f155ca93594015fda76f0d\"><strong>Options compl\u00e9mentaires :<\/strong><\/p>\n\n\n\n<ul class=\"wp-block-list\">\n<li class=\"has-black-color has-text-color has-link-color wp-elements-1b83df84a35810e5334fdabb43ba0c83\">1 vid\u00e9o projecteur 10000 lumens : + 150 \u20ac<\/li>\n\n\n\n<li class=\"has-black-color has-text-color has-link-color wp-elements-6fe73b8fb28390c5b35d90a85c8fd394\">1 vid\u00e9o projecteur 20000 lumens : +450 \u20ac<\/li>\n\n\n\n<li class=\"has-black-color has-text-color has-link-color wp-elements-385fad9f8c526d22fe60a2e977d53dc8\">\u00c9cran 200 pouces : + 100 \u20ac<\/li>\n<\/ul>\n<\/div>\n<\/div>\n<\/div>\n<\/div>\n\n\n\n<div class=\"wp-block-columns is-layout-flex wp-container-core-columns-is-layout-9d6595d7 wp-block-columns-is-layout-flex\">\n<div class=\"wp-block-column has-background is-layout-flow wp-block-column-is-layout-flow\" style=\"background-color:#4498cc\"><div class=\"wp-block-image\">\n<figure class=\"aligncenter size-full\"><img loading=\"lazy\" decoding=\"async\" width=\"500\" height=\"250\" src=\"https:\/\/sono-light-video.fr\/wp-content\/uploads\/2025\/03\/Votre-texte-de-paragraphe-900-x-250-px-500-x-250-px-Pack-controle-video-hdmi-regie.png\" alt=\"\" class=\"wp-image-279\" srcset=\"https:\/\/sono-light-video.fr\/wp-content\/uploads\/2025\/03\/Votre-texte-de-paragraphe-900-x-250-px-500-x-250-px-Pack-controle-video-hdmi-regie.png 500w, https:\/\/sono-light-video.fr\/wp-content\/uploads\/2025\/03\/Votre-texte-de-paragraphe-900-x-250-px-500-x-250-px-Pack-controle-video-hdmi-regie-300x150.png 300w\" sizes=\"auto, (max-width: 500px) 100vw, 500px\" \/><\/figure>\n<\/div>\n\n\n<div class=\"wp-block-columns is-layout-flex wp-container-core-columns-is-layout-9d6595d7 wp-block-columns-is-layout-flex\">\n<div class=\"wp-block-column is-layout-flow wp-block-column-is-layout-flow\"><\/div>\n<\/div>\n\n\n\n<h3 class=\"wp-block-heading has-text-align-center\">PACK CONTR\u00d4LE VID\u00c9O HDMI : 100 \u20ac<\/h3>\n\n\n\n<p class=\"has-text-align-center has-black-color has-text-color has-link-color wp-elements-7b679d42daffb2d7170f6589d01d002d\">Ce pack comprend :<\/p>\n\n\n\n<ul class=\"wp-block-list\">\n<li class=\"has-black-color has-text-color has-link-color wp-elements-87cc2d7dfce16f2a0ae08db96e6987d7\">Commutation 4 entr\u00e9es HDMI\/SDI pour ordinateurs\/cam\u00e9ras<\/li>\n\n\n\n<li class=\"has-black-color has-text-color has-link-color wp-elements-b2769789324d6bdd5889db84d65ba28e\">\u00c9cran de contr\u00f4le<\/li>\n\n\n\n<li class=\"has-black-color has-text-color has-link-color wp-elements-b54ca4722c7fd067fda186e59dc3492b\">C\u00e2blage en cons\u00e9quence<\/li>\n\n\n\n<li class=\"has-black-color has-text-color has-link-color wp-elements-f18ff538c1737e1f58cb99f0120f0f61\">Sortie SDI ou HDMI vers vid\u00e9o projection ou \u00e9cran LCD<\/li>\n<\/ul>\n\n\n\n<p class=\"has-text-align-center has-black-color has-text-color has-link-color wp-elements-9989a22659f7f58c2380d05cc1a5ae55\"><strong>Options compl\u00e9mentaires : <\/strong><\/p>\n\n\n\n<ul class=\"wp-block-list\">\n<li class=\"has-black-color has-text-color has-link-color wp-elements-308baf0b20444c40417b515c606aed04\">1 ordinateur PC : + 50 \u20ac<\/li>\n\n\n\n<li class=\"has-black-color has-text-color has-link-color wp-elements-65513cd34e51ec3e4fba1c597b7a57a7\">1 cam\u00e9ra sur pied HD Sony SDI : + 200 \u20ac<\/li>\n\n\n\n<li class=\"has-black-color has-text-color has-link-color wp-elements-509917d85a1409e1efbaf52cecff4c11\">1 cadreur, 4 heures : + 300,00 \u20ac<\/li>\n<\/ul>\n<\/div>\n\n\n\n<div class=\"wp-block-column has-background is-layout-flow wp-block-column-is-layout-flow\" style=\"background-color:#4498cc\"><div class=\"wp-block-image\">\n<figure class=\"aligncenter size-full\"><img loading=\"lazy\" decoding=\"async\" width=\"500\" height=\"250\" src=\"https:\/\/sono-light-video.fr\/wp-content\/uploads\/2025\/03\/Votre-texte-de-paragraphe-900-x-250-px-500-x-250-px-Pack-sport.png\" alt=\"\" class=\"wp-image-281\" srcset=\"https:\/\/sono-light-video.fr\/wp-content\/uploads\/2025\/03\/Votre-texte-de-paragraphe-900-x-250-px-500-x-250-px-Pack-sport.png 500w, https:\/\/sono-light-video.fr\/wp-content\/uploads\/2025\/03\/Votre-texte-de-paragraphe-900-x-250-px-500-x-250-px-Pack-sport-300x150.png 300w\" sizes=\"auto, (max-width: 500px) 100vw, 500px\" \/><\/figure>\n<\/div>\n\n\n<div class=\"wp-block-columns is-layout-flex wp-container-core-columns-is-layout-9d6595d7 wp-block-columns-is-layout-flex\">\n<div class=\"wp-block-column is-layout-flow wp-block-column-is-layout-flow\"><\/div>\n<\/div>\n\n\n\n<h3 class=\"wp-block-heading has-text-align-center\">PACK SPORT : 200 \u20ac<\/h3>\n\n\n\n<p class=\"has-text-align-center has-black-color has-text-color has-link-color wp-elements-7b679d42daffb2d7170f6589d01d002d\">Ce pack comprend :<\/p>\n\n\n\n<ul class=\"wp-block-list\">\n<li class=\"has-black-color has-text-color has-link-color wp-elements-948ddf59de4d65a167236a449e5f8b09\">4 enceintes amplifi\u00e9es 500 w sur pied<\/li>\n\n\n\n<li class=\"has-black-color has-text-color has-link-color wp-elements-f0128fd1b629e3ec83e4d9d861beae2f\">1 console de mixage avec 1 micro fil pour brancher un iPod, iPhone, android ou pc<\/li>\n\n\n\n<li class=\"has-black-color has-text-color has-link-color wp-elements-4e991ce9c5207a4bb302c545eecbf423\">1 micro HF main<\/li>\n<\/ul>\n<\/div>\n<\/div>\n\n\n\n<div class=\"wp-block-columns is-layout-flex wp-container-core-columns-is-layout-9d6595d7 wp-block-columns-is-layout-flex\">\n<div class=\"wp-block-column has-background is-layout-flow wp-block-column-is-layout-flow\" style=\"background-color:#376ebb\"><div class=\"wp-block-image\">\n<figure class=\"aligncenter size-full\"><img loading=\"lazy\" decoding=\"async\" width=\"500\" height=\"250\" src=\"https:\/\/sono-light-video.fr\/wp-content\/uploads\/2025\/03\/Votre-texte-de-paragraphe-900-x-250-px-500-x-250-px-Pack-presentation-animation.png\" alt=\"\" class=\"wp-image-282\" srcset=\"https:\/\/sono-light-video.fr\/wp-content\/uploads\/2025\/03\/Votre-texte-de-paragraphe-900-x-250-px-500-x-250-px-Pack-presentation-animation.png 500w, https:\/\/sono-light-video.fr\/wp-content\/uploads\/2025\/03\/Votre-texte-de-paragraphe-900-x-250-px-500-x-250-px-Pack-presentation-animation-300x150.png 300w\" sizes=\"auto, (max-width: 500px) 100vw, 500px\" \/><\/figure>\n<\/div>\n\n\n<div class=\"wp-block-columns is-layout-flex wp-container-core-columns-is-layout-9d6595d7 wp-block-columns-is-layout-flex\">\n<div class=\"wp-block-column is-layout-flow wp-block-column-is-layout-flow\"><\/div>\n<\/div>\n\n\n\n<h3 class=\"wp-block-heading has-text-align-center\">PACK PR\u00c9SENTATION &#8211; ANIMATION : 100 \u20ac<\/h3>\n\n\n\n<p class=\"has-text-align-center has-black-color has-text-color has-link-color wp-elements-7b679d42daffb2d7170f6589d01d002d\">Ce pack comprend :<\/p>\n\n\n\n<ul class=\"wp-block-list\">\n<li class=\"has-black-color has-text-color has-link-color wp-elements-356cd59171bf6bc9af690cdcc4c0fd01\">1 enceinte amplifi\u00e9e<\/li>\n\n\n\n<li class=\"has-black-color has-text-color has-link-color wp-elements-5e77bba9f3f63af37344ff45dd40772c\">1 micro HF sans fil<\/li>\n\n\n\n<li class=\"has-black-color has-text-color has-link-color wp-elements-1748b4ac348e406fb86316963a1b72d2\">lecteur cl\u00e9 USB et carte SD et connexion bluetooth<\/li>\n\n\n\n<li class=\"has-black-color has-text-color has-link-color wp-elements-ecdf5ecd9930c5865e087a739eb1c559\">Musique fournie<\/li>\n<\/ul>\n<\/div>\n\n\n\n<div class=\"wp-block-column has-background is-layout-flow wp-block-column-is-layout-flow\" style=\"background-color:#376ebb\"><div class=\"wp-block-image\">\n<figure class=\"aligncenter size-full\"><img loading=\"lazy\" decoding=\"async\" width=\"500\" height=\"250\" src=\"https:\/\/sono-light-video.fr\/wp-content\/uploads\/2025\/03\/Votre-texte-de-paragraphe-900-x-250-px-500-x-250-px-Festival.png\" alt=\"\" class=\"wp-image-283\" srcset=\"https:\/\/sono-light-video.fr\/wp-content\/uploads\/2025\/03\/Votre-texte-de-paragraphe-900-x-250-px-500-x-250-px-Festival.png 500w, https:\/\/sono-light-video.fr\/wp-content\/uploads\/2025\/03\/Votre-texte-de-paragraphe-900-x-250-px-500-x-250-px-Festival-300x150.png 300w\" sizes=\"auto, (max-width: 500px) 100vw, 500px\" \/><\/figure>\n<\/div>\n\n\n<div class=\"wp-block-columns is-layout-flex wp-container-core-columns-is-layout-9d6595d7 wp-block-columns-is-layout-flex\">\n<div class=\"wp-block-column is-layout-flow wp-block-column-is-layout-flow\"><\/div>\n<\/div>\n\n\n\n<h3 class=\"wp-block-heading has-text-align-center\">EVENEMENT \/ FESTIVAL : SUR DEVIS<\/h3>\n\n\n\n<p class=\"has-text-align-center has-black-color has-text-color has-link-color wp-elements-02eb4c5d392e7d3ffd6b403a0deb5256\">Vous organisez un \u00e9v\u00e8nement, un festival et vous souhaitez une prestation cl\u00e9 en main, r\u00e9alis\u00e9e par un professionnel exp\u00e9riment\u00e9 et adapt\u00e9e \u00e0 votre besoin : location, mise en place, r\u00e9gie technique ?<\/p>\n\n\n\n<p class=\"has-text-align-center has-black-color has-text-color has-link-color wp-elements-7f37ceadd43c3b6b82085d84858a5e25\">Merci de m\u2019envoyer un email :<\/p>\n\n\n\n<p class=\"has-text-align-center has-black-color has-text-color has-link-color wp-elements-5ee1188ba5bb2235111fbdf2170aed0b\">christophepanzer@aol.com<\/p>\n<\/div>\n<\/div>\n\n\n\n<p><\/p>\n","protected":false},"excerpt":{"rendered":"<p>06 20 07 76 32 christophepanzer@aol.com Depuis 40 ans, Christophe Panzer vous accompagne dans vos \u00e9v\u00e9nements priv\u00e9s et professionnels. Tous les prix sont indiqu\u00e9s pour&hellip;<\/p>\n","protected":false},"author":1,"featured_media":66,"parent":0,"menu_order":0,"comment_status":"closed","ping_status":"closed","template":"","meta":{"_themeisle_gutenberg_block_has_review":false,"footnotes":""},"class_list":["post-21","page","type-page","status-publish","has-post-thumbnail","hentry"],"_links":{"self":[{"href":"https:\/\/sono-light-video.fr\/index.php\/wp-json\/wp\/v2\/pages\/21","targetHints":{"allow":["GET"]}}],"collection":[{"href":"https:\/\/sono-light-video.fr\/index.php\/wp-json\/wp\/v2\/pages"}],"about":[{"href":"https:\/\/sono-light-video.fr\/index.php\/wp-json\/wp\/v2\/types\/page"}],"author":[{"embeddable":true,"href":"https:\/\/sono-light-video.fr\/index.php\/wp-json\/wp\/v2\/users\/1"}],"replies":[{"embeddable":true,"href":"https:\/\/sono-light-video.fr\/index.php\/wp-json\/wp\/v2\/comments?post=21"}],"version-history":[{"count":69,"href":"https:\/\/sono-light-video.fr\/index.php\/wp-json\/wp\/v2\/pages\/21\/revisions"}],"predecessor-version":[{"id":292,"href":"https:\/\/sono-light-video.fr\/index.php\/wp-json\/wp\/v2\/pages\/21\/revisions\/292"}],"wp:featuredmedia":[{"embeddable":true,"href":"https:\/\/sono-light-video.fr\/index.php\/wp-json\/wp\/v2\/media\/66"}],"wp:attachment":[{"href":"https:\/\/sono-light-video.fr\/index.php\/wp-json\/wp\/v2\/media?parent=21"}],"curies":[{"name":"wp","href":"https:\/\/api.w.org\/{rel}","templated":true}]}}